2 - 657*d + 1992. Calculate h(3).
12
Let r(j) = 2845*j - 28444. What is r(10)?
6
Let l(k) = -4*k**3 + 189*k**2 + 143*k + 26. What is l(48)?
-22
Let j(l) = -l**2 - 8*l + 203. Give j(-19).
-6
Let p(x) = x**3 - 15*x**2 + 49*x + 3. What is p(5)?
-2
Let h(z) = z**3 + 8*z**2 - 48*z + 7. Determine h(-11).
172
Let r(w) = -w**3 + 6*w**2 + 48*w + 76. Give r(11).
-1
Let k(a) = -18*a - 420. Determine k(7).
-546
Let p(k) = -k**3 - 15*k**2 - 47*k - 33. Determine p(-9).
-96
Let m(k) = -2*k**2 - 12*k + 70. Give m(3).
16
Let b(c) = c**3 + 6*c**2 - 160*c + 12. Calculate b(10).
12
Let j(w) = 2*w**3 + 21*w**2 + 110*w + 1000. Determine j(-10).
0
Let t(d) = -d**2 - 47*d + 4082. Calculate t(44).
78
Let u(k) = -194*k + 1102. Give u(6).
-62
Let b(d) = 16*d - 542. Give b(34).
2
Let v(l) = 157*l - 477. Give v(2).
-163
Let x(z) = 36800*z - 11. Calculate x(0).
-11
Let a(w) = 50*w - 232. Determine a(-5).
-482
Let p(f) = 3*f - 68. What is p(19)?
-11
Let c(a) = 84*a + 164. What is c(-2)?
-4
Let p(k) = 3*k**3 - 185*k**2 + 124*k - 124. Determine p(61).
-2
Let l(v) = v**3 + 28*v**2 + 154*v - 32. Calculate l(-8).
16
Let f(h) = h**3 - 3*h**2 - 11*h + 106. Give f(8).
338
Let d(q) = q**3 + 10*q**2 + 94*q + 938. Give d(-10).
-2
Let o(i) = -185*i - 378. Determine o(-2).
-8
Let d(v) = 184*v - 39747. Determine d(216).
-3
Let j(n) = 2*n**3 - 128*n**2 + 8*n - 498. What is j(64)?
14
Let j(f) = -f**3 - 64*f**2 + 49*f - 1030. What is j(-65)?
10
Let z(w) = 87*w - 262. What is z(3)?
-1
Let b(w) = 32*w + 1318. Give b(-42).
-26
Let p(k) = 3*k - 124. What is p(7)?
-103
Let d(q) = -4*q**2 - 98*q - 567. Calculate d(-9).
-9
Let h(f) = 10*f + 47. What is h(-7)?
-23
Let a(q) = -3*q**2 + 63*q + 94. Calculate a(22).
28
Let r(k) = -2*k**2 + 90*k + 2619. Give r(-20).
19
Let h(k) = 4*k**3 + 20*k**2 - 39*k - 81. Calculate h(-6).
9
Let u(q) = 217*q - 5202. Determine u(24).
6
Let o(p) = -1305*p - 6559. Calculate o(-5).
-34
Let t(d) = -20*d**2 + 74*d + 1. What is t(4)?
-23
Let j(a) = -61*a - 238. What is j(-4)?
6
Let g(p) = 10*p + 1160. Calculate g(-96).
200
Let p(l) = -l**3 - 13*l**2 - 49*l - 62. What is p(-10)?
128
Let w(m) = -3*m**2 - 54*m - 5. Determine w(-21).
-194
Let y(a) = a**2 - 53*a + 460. Calculate y(39).
-86
Let z(v) = -4*v - 68. Calculate z(-7).
-40
Let y(h) = 5*h**2 - 454*h - 3004. Calculate y(97).
3
Let k(s) = -60*s**2 - 351*s - 697. Determine k(-2).
-235
Let x(j) = -34*j - 163. Give x(-3).
-61
Let j(f) = 126*f - 668. Calculate j(7).
214
Let u(k) = 5934*k + 11831. Determine u(-2).
-37
Let v(t) = -18*t + 1097. Give v(61).
-1
Let w(f) = -707*f - 22603. What is w(-32)?
21
Let i(g) = 2*g**3 - 150*g**2 - 7*g + 543. What is i(75)?
18
Let q(s) = -81*s + 73. What is q(10)?
-737
Let t(r) = -r**2 - 44*r - 268. Give t(-34).
72
Let t(b) = 7*b + 121. Give t(-10).
51
Let p(r) = -4*r**3 + 5*r**2 + 19*r - 1. Give p(-2).
13
Let u(y) = -52*y + 1210. What is u(24)?
-38
Let j(w) = -w**3 + 72*w**2 - 275*w + 17. What is j(4)?
5
Let f(m) = 7*m**2 + 55*m + 34. Determine f(0).
34
Let j(s) = 2*s**2 - 53*s - 41. What is j(-1)?
14
Let r(p) = p**2 - 3*p + 50. Calculate r(-8).
138
Let m(g) = -2*g**3 + 39*g**2 + 15*g + 93. Determine m(20).
-7
Let n(y) = -284*y - 473. Calculate n(-2).
95
Let o(a) = -4555*a + 9105. Calculate o(2).
-5
Let l(g) = -81*g**3 - 245*g**2 - 5*g + 7. Determine l(-3).
4
Let i(p) = -6*p - 40. Calculate i(14).
-124
Let a(y) = -y - 131. What is a(-6)?
-125
Let q(u) = -99*u**3 - 4*u**2 + 4. What is q(1)?
-99
Let i(l) = -124*l - 246. Determine i(-2).
2
Let u(a) = -2*a**2 - 117*a + 424. Calculate u(-62).
-10
Let s(c) = c**3 - 97*c**2 + 1022*c - 17. Calculate s(12).
7
Let z(n) = -4*n**2 + 438*n + 2251. Calculate z(-5).
-39
Let i(q) = 720*q - 5038. Give i(7).
2
Let a(w) = 145*w - 1322. Determine a(9).
-17
Let r(n) = -10*n**3 - 115*n**2 - 114*n + 1. What is r(-1)?
10
Let j(s) = -s**2 + 127*s - 1012. Determine j(9).
50
Let h(m) = -28*m + 532. Calculate h(25).
-168
Let x(u) = -30*u - 118. What is x(-3)?
-28
Let r(u) = -2*u**2 - 107*u + 1117. Determine r(9).
-8
Let l(f) = 213*f + 3406. What is l(-16)?
-2
Let w(d) = -9*d**2 + 264*d + 6. Give w(30).
-174
Let h(x) = 9*x - 248. What is h(29)?
13
Let f(m) = 2*m**2 + 90*m + 645. Determine f(-36).
-3
Let t(w) = -3*w**3 - 38*w**2 + 2*w - 1544. Calculate t(-15).
1
Let o(j) = j**3 - 39*j**2 + 188*j + 270. Determine o(7).
18
Let q(x) = 2*x**3 + 21*x**2 + 36*x - 41. What is q(-8)?
-9
Let x(d) = 2*d**3 - 196*d**2 - 71*d + 6957. Give x(98).
-1
Let k(n) = -n**3 - 23*n**2 + 1206*n + 281. Calculate k(-48).
-7
Let z(m) = m**2 - 393*m + 36453. Determine z(150).
3
Let v(o) = 5*o**2 - 248*o - 109. Determine v(50).
-9
Let w(h) = 2*h**3 - 19*h**2 + 38*h + 9. Calculate w(6).
-15
Let r(s) = 5*s + 178. What is r(-14)?
108
Let y(g) = g**2 - 313*g + 4921. Determine y(17).
-111
Let t(s) = -31*s**2 - 158*s - 311. What is t(-2)?
-119
Let o(t) = 23*t + 590. Give o(-26).
-8
Let b(q) = 2*q**2 - 32*q - 438. Calculate b(25).
12
Let n(l) = 18*l + 745. Give n(-37).
79
Let r(x) = x**3 - 35*x**2 - 41*x + 20. What is r(36)?
-160
Let i(m) = -2*m**2 - 18*m + 20. What is i(-14)?
-120
Let y(z) = -8*z**2 + 65*z - 45. Calculate y(5).
80
Let m(q) = 668*q + 1295. What is m(-2)?
-41
Let r(z) = -51*z + 882. Give r(18).
-36
Let m(i) = 2*i**3 - 13*i**2 + 13*i + 18. Determine m(8).
314
Let u(m) = m**2 + 24*m - 154. Give u(5).
-9
Let b(r) = r**3 - 11*r**2 + 23*r + 43. Determine b(5).
8
Let g(x) = -x - 102. What is g(85)?
-187
Let t(r) = -3*r**2 + 37*r - 133. Determine t(12).
-121
Let j(g) = 139*g + 7083. Give j(-51).
-6
Let x(y) = y**2 - 106*y - 4914. Determine x(-35).
21
Let y(a) = 638*a + 8944. Determine y(-14).
12
Let o(k) = -k**3 + 28*k**2 - 27*k - 28. Give o(27).
-28
Let m(z) = -41*z + 799. What is m(24)?
-185
Let a(p) = -2*p**2 + 96*p + 1164. Determine a(-10).
4
Let a(l) = l**3 + 127*l**2 - l - 122. Give a(-127).
5
Let o(h) = -7*h**2 - 755*h - 648. Give o(-107).
-6
Let t(f) = 168*f**2 - 1684*f + 53. Determine t(10).
13
Let f(h) = -h**2 + 297*h - 19510. Calculate f(98).
-8
Let a(u) = u**2 + 154*u - 960. Give a(6).
0
Let v(d) = 3*d**2 - 189*d + 2466. Calculate v(45).
36
Let d(g) = -g**3 - 24*g**2 + 639*g + 7. Determine d(-40).
47
Let q(i) = 228*i - 3847. Give q(17).
29
Let b(o) = o**3 + 8*o**2 + 12*o + 36. Give b(-5).
51
Let h(i) = -207*i**2 + 11*i + 1. Determine h(-1).
-217
Let v(c) = 2*c**2 - 38*c + 139. What is v(15)?
19
Let w(y) = y**3 + 7*y**2 + 9*y - 315. Give w(0).
-315
Let y(i) = 6*i + 115. Give y(-13).
37
Let g(x) = -x**3 + 67*x**2 - 518*x - 195. What is g(58)?
37
Let j(g) = -130*g - 252. Determine j(0).
-252
Let d(l) = -57*l**2 - 3*l + 4. Give d(-3).
-500
Let a(d) = -26*d**2 + 13*d - 11. Give a(4).
-375
Let l(t) = 31*t + 276. What is l(-10)?
-34
Let h(d) = 46*d - 292. Give h(8).
76
Let c(i) = -11*i**2 + 410*i - 147. Calculate c(37).
-36
Let p(m) = m**2 - 12*m - 126. Calculate p(18).
-18
Let w(m) = -83*m - 3161. Determine w(-38).
-7
Let s(t) = -57*t**2 - 792*t + 70. What is s(-14)?
-14
Let t(m) = -m**3 - 112*m**2 - 230*m - 699. Give t(-110).
401
Let t(z) = -z**3 - 8*z**2 - 5*z - 78. What is t(-5)?
-128
Let r(u) = u**3 + u**2 + 4*u - 36. Give r(0).
-36
Let k(t) = 3*t**3 + 5*t**2 + 36*t + 2. Calculate k(-5).
-428
Let d(u) = -2*u**3 - 12*u**2 + 53*u - 35. What is d(5)?
-320
Let r(j) = 303*j - 3624. Calculate r(12).
12
Let z(b) = b**2 - 10*b + 23. Calculate z(5).
-2
Let d(i) = i**2 + 5*i - 1038. Give d(-36).
78
Let u(i) = 290*i - 2. Give u(1).
288
Let p(q) = q**3 + 10*q**2 - 16*q - 37. Determine p(-8).
219
Let x(d) = d**2 - 9*d - 201. Calculate x(13).
-149
Let i(g) = -g**2 + 76*g - 79. Calculate i(75).
-4
Let m(g) = -g**3 + 61*g**2 + 127*g - 94. What is m(63)?
-31
Let u(f) = -f**3 + 23*f**2 - 20*f + 503. What is u(23)?
43
Let n(u) = u**3 + 21*u**2 + 21*u + 32. What is n(-20)?
12
Let l(k) = 2*k**3 - 72*k**2 + 6*k - 270. What is l(36)?
-54
Let m(p) = -25*p - 461. Determine m(-18).
-11
Let o(h) = 5*h - 48. What is o(6)?
-18
Let g(a) = a**2 - 165*a + 3822. Determine g(28).
-14
Let h(d) = -d**2 + 333*d - 2594. Determine h(8).
6
Let q(a) = -14*a**2 + 36*a - 188. Calculate q(6).
-476
Let n(t) = t**2 + 12*t - 299. Give n(-25).
26
Let f(t) = 2*t**2 - 30*t - 4595. Calculate f(-41).
-3
Let d(t) = 2*t**3 + 10*t**2 + 19*t + 45. Give d(-5).
-50
Let f(k) = -k**3 + 13*k**2 + 64*k - 244. Give f(17).
-312
Let d(y) = -51*y 